 l(f) = f**2 - 3*f - 3. Determine l(3).
-3
Let h(c) = -3*c + 23. Calculate h(-6).
41
Let b(o) = -o**3 + o**2 + o + 5. Give b(0).
5
Let t(m) = m**2 - 21*m - 13. What is t(20)?
-33
Let y(h) = h**3 + 10*h**2 - 10*h + 16. Determine y(-11).
5
Let g(b) = -b**3 + 7*b**2 + 2*b - 13. What is g(7)?
1
Let a(m) = m**2 - 12*m + 3. Determine a(12).
3
Let k(f) = -f**3 - 14*f**2 + 19*f + 28. Calculate k(-15).
-32
Let c(x) = 10*x - 56. Give c(6).
4
Let o(b) = -2*b**3 - 7*b**2 + 11*b + 22. What is o(-4)?
-6
Let t(g) = 2*g**3 - 29*g**2 - 13*g - 24. What is t(15)?
6
Let d(s) = -s**3 - 14*s**2 - 33*s - 2. Calculate d(-3).
-2
Let b(g) = -g**3 + 8*g**2 - 5*g. Calculate b(7).
14
Let o(q) = 21*q + 128. Give o(-6).
2
Let c(b) = -b**3 - 10*b**2 - 8*b + 8. What is c(-9)?
-1
Let c(j) = 4*j**3 + 2*j**2 + 3*j - 5. Calculate c(2).
41
Let v(q) = -q**3 - 17*q**2 - 17*q - 14. Calculate v(-16).
2
Let n(d) = -d**3 + 19*d**2 - 18*d - 18. What is n(18)?
-18
Let q(l) = 17*l - 336. Give q(20).
4
Let l(u) = u**2 + 10*u + 4. Give l(-8).
-12
Let u(a) = 7*a**2 - 3*a + 30. Determine u(3).
84
Let w(s) = 2*s - 13. Calculate w(-8).
-29
Let z(n) = -n**3 + 28*n**2 - 53*n + 12. Give z(26).
-14
Let s(a) = 14*a**3 + 2*a + 2. What is s(-1)?
-14
Let l(m) = 2*m + 6. Determine l(-7).
-8
Let f(s) = s**2 - 8*s + 27. What is f(11)?
60
Let y(t) = -t**2 + 18*t + 41. Calculate y(20).
1
Let q(o) = -o**3 - 6*o + 39. Give q(4).
-49
Let y(k) = -k**3 + 8*k**2 - 2*k + 7. Determine y(8).
-9
Let c(r) = 2*r**2 + 39*r + 109. Determine c(-3).
10
Let g(h) = h**3 - h**2 + h + 11. Give g(0).
11
Let s(i) = i**2 - 20*i + 5. Determine s(19).
-14
Let s(d) = -21*d - 80. Give s(-4).
4
Let b(k) = -2*k**2 + 39*k - 15. Calculate b(19).
4
Let j(p) = -10*p**2 - 3*p + 10. What is j(-3)?
-71
Let d(c) = c**2 + 7*c + 1. Give d(-7).
1
Let p(h) = 4*h + 31. Give p(-6).
7
Let o(w) = -w**2 + 6*w + 38. Determine o(16).
-122
Let y(m) = m + 22. Calculate y(7).
29
Let q(a) = a**2 + 10*a - 122. Give q(7).
-3
Let z(m) = m**3 - 9*m**2 + 13*m + 15. Determine z(7).
8
Let s(y) = y**2 - 8*y - 26. Calculate s(10).
-6
Let c(v) = v**3 - 10*v**2 - 2*v + 10. Calculate c(7).
-151
Let l(c) = -134*c + 383. Calculate l(3).
-19
Let y(t) = t**3 - 11*t**2 + 11*t - 14. Give y(8).
-118
Let v(g) = g**3 - 2*g**2 - g + 7. What is v(0)?
7
Let r(g) = g**3 + 3*g**2 - 3*g + 5. What is r(-4)?
1
Let o(j) = -9*j + 32. What is o(3)?
5
Let r(g) = 4*g - 11. What is r(12)?
37
Let q(f) = f**3 - 12*f**2 + 13*f - 26. Give q(11).
-4
Let s(m) = 2*m**2 + 42*m - 26. Calculate s(-22).
18
Let f(b) = b**2 + 5*b - 153. Calculate f(10).
-3
Let t(x) = 2*x - 20. Determine t(0).
-20
Let q(z) = z**2 - 144*z - 1383. Calculate q(-9).
-6
Let a(i) = i - 41. What is a(39)?
-2
Let p(b) = -2*b - 29. Determine p(-6).
-17
Let j(u) = 4*u - 4. What is j(-4)?
-20
Let j(v) = -2*v**3 - 14*v**2 - 14*v - 18. Give j(-6).
-6
Let x(g) = -6*g - 18. What is x(9)?
-72
Let d(n) = n - 7. Determine d(15).
8
Let i(p) = -p**3 + 7*p**2 - 7*p + 6. Give i(5).
21
Let z(s) = -13*s**2 - s + 1. Give z(1).
-13
Let h(m) = -3*m**2 + 37*m - 1. Give h(11).
43
Let x(d) = 15*d + 59. Calculate x(-2).
29
Let k(r) = -r**3 + 18*r**2 + 2*r - 37. Give k(18).
-1
Let c(k) = -k**2 - 5*k + 12. Determine c(-7).
-2
Let p(l) = -16*l - 114. Determine p(-7).
-2
Let u(p) = 20*p**3 - p**2 + 5*p + 10. Give u(-2).
-164
Let w(f) = -f**2 + 30*f + 40. Determine w(31).
9
Let p(y) = y**3 - 14*y**2 + 28*y - 4. Calculate p(12).
44
Let u(v) = v**3 - 11*v**2 - 26*v - 2. What is u(13)?
-2
Let l(j) = 29*j + 246. Give l(-10).
-44
Let t(m) = 3*m + 19. Calculate t(-6).
1
Let u(c) = -21*c + 11. Determine u(0).
11
Let h(a) = a**2 + 5*a - 30. Give h(-7).
-16
Let i(j) = 14*j - 158. Calculate i(11).
-4
Let n(y) = y**2 + 12*y + 14. Determine n(-6).
-22
Let q(b) = 2*b + 8. Calculate q(8).
24
Let h(d) = 8*d + 4. What is h(-1)?
-4
Let a(m) = m**2 - 9*m - 11. Determine a(9).
-11
Let u(w) = 7*w + 114. What is u(-17)?
-5
Let z(f) = 2*f**3 - 10*f**2 - 8*f - 28. Calculate z(6).
-4
Let h(i) = 5*i - 14. Calculate h(-2).
-24
Let c(h) = 27*h - 247. What is c(9)?
-4
Let y(q) = 2*q + 5. What is y(-6)?
-7
Let t(x) = -203*x + 817. What is t(4)?
5
Let o(c) = -7*c + 103. Determine o(16).
-9
Let u(w) = 3*w**2 - 6*w - 1. Calculate u(-1).
8
Let j(g) = -g**3 + 5*g**2 - 10. What is j(4)?
6
Let v(q) = -q**3 - 2*q. Give v(2).
-12
Let w(k) = -k**3 - 8*k**2 - 10*k + 8. Calculate w(-6).
-4
Let d(w) = -w**2 + 5. What is d(2)?
1
Let u(y) = -y**3 - 9*y**2 - 14*y + 2. Give u(-7).
2
Let m(a) = 9*a. Calculate m(-2).
-18
Let z(s) = s**2 - 10*s - 10. What is z(11)?
1
Let o(u) = u**2 + 22*u - 53. What is o(-24)?
-5
Let m(g) = g + 3. Give m(3).
6
Let o(y) = y**3 + 4*y**2 - 4*y - 10. Calculate o(-5).
-15
Let c(v) = 2*v**2 + 20*v + 14. Calculate c(-10).
14
Let q(v) = -14*v + 58. Calculate q(0).
58
Let s(h) = h**3 - h**2 + 2*h - 15. Determine s(3).
9
Let i(v) = v - 11. Give i(12).
1
Let r(q) = q**2 + 40*q + 5. Give r(-40).
5
Let p(s) = s**3 - 11*s**2 + 12*s - 24. Determine p(10).
-4
Let a(k) = -k**2 - 38*k + 85. Determine a(-39).
46
Let p(k) = 39*k + 36. Calculate p(3).
153
Let r(l) = -4*l**2 - 2*l + 1. Determine r(1).
-5
Let c(b) = b**2 - 17*b + 25. Determine c(11).
-41
Let h(k) = -k**3 + 9*k**2 + 16*k - 55. Give h(11).
-121
Let s(m) = -m**3 - 2*m**2 - 33*m - 103. Give s(-3).
5
Let s(n) = -2*n**2 - 3*n + 17. Give s(-7).
-60
Let k(g) = g**3 + 7*g**2 - 6*g - 46. Determine k(-6).
26
Let b(t) = -2*t - 1. What is b(2)?
-5
Let x(a) = 9*a**2 - 4*a + 1. What is x(-2)?
45
Let d(f) = -f**3 - 2*f**2 + 4*f + 1. Calculate d(-4).
17
Let b(h) = 2*h**2 - 19*h - 24. What is b(11)?
9
Let w(k) = -k**3 + 13*k**2 - 15*k + 13. Give w(12).
-23
Let l(v) = -10*v + 36. What is l(15)?
-114
Let y(u) = -u**2 - 6*u + 11. What is y(2)?
-5
Let r(d) = -d**3 + 9*d**2 - 12*d - 7. What is r(7)?
7
Let c(q) = q**2 + 2*q + 14. Determine c(-4).
22
Let g(a) = 5*a - 23. Calculate g(2).
-13
Let k(g) = -g + 8. Calculate k(10).
-2
Let c(g) = 3*g**2 + 17*g + 2. Determine c(-7).
30
Let h(b) = 35*b**3 + b**2. Determine h(-1).
-34
Let o(x) = 18*x + 266. Determine o(-13).
32
Let i(y) = -y**2 - 16*y - 28. Give i(-14).
0
Let u(g) = g**2 + 30*g - 134. Calculate u(4).
2
Let o(r) = 5*r - 30. Calculate o(5).
-5
Let p(t) = -2*t - 7. Determine p(14).
-35
Let x(y) = -49*y + 7. Calculate x(3).
-140
Let g(r) = r**2 - 14*r + 15. Calculate g(13).
2
Let n(c) = 2*c**3 + 4*c**2 - c. Give n(-3).
-15
Let n(t) = 105*t + 538. Give n(-5).
13
Let t(r) = -3*r + 1. Give t(-1).
4
Let l(f) = -f**2 - 7*f. Give l(-6).
6
Let c(v) = -v + 52. Calculate c(8).
44
Let p(q) = -q**3 - 3*q**2 - q + 4. Give p(-3).
7
Let c(r) = 2*r - 43. Give c(0).
-43
Let x(o) = 8*o + 6. Calculate x(-1).
-2
Let s(l) = 3*l**2 + 3*l - 9. What is s(-7)?
117
Let a(o) = 2*o**2 + 4*o + 2. Calculate a(-2).
2
Let f(j) = j**3 + 5*j**2 + 4*j + 6. Give f(-4).
6
Let s(l) = -l**3 - 4*l**2 + 5*l + 19. Determine s(-4).
-1
Let o(n) = 21*n + 124. Determine o(-5).
19
Let m(q) = q**2 - 7*q. What is m(7)?
0
Let i(s) = s**3 + 9*s**2 - 13*s - 8. What is i(-10)?
22
Let w(a) = -a**2 - 9*a + 2. Determine w(-9).
2
Let k(v) = v**3 + 3*v**2 - 39. Determine k(0).
-39
Let y(w) = -8*w**2 + 3*w - 1. What is y(1)?
-6
Let y(t) = -8*t**2 - 39*t + 5. Give y(-5).
0
Let w(g) = -g**3 + 23*g**2 - 2*g + 18. Give w(23).
-28
Let r(t) = 12*t**2 + 599*t - 50. What is r(-50)?
0
Let s(l) = -l**2 + 65*l + 207. What is s(68)?
3
Let n(j) = -j**3 + 5*j**2 + 26*j - 14. Calculate n(8).
2
Let j(d) = -64*d - 577. What is j(-9)?
-1
Let o(i) = i**3 - 5*i + 7. Give o(4).
51
Let d(r) = -r**2 + 9*r + 252. Calculate d(21).
0
Let m(k) = k + 24. What is m(-14)?
10
Let t(v) = v**3 - 4*v**2 + v - 6. Calculate t(5).
24
Let m(q) = -q**2 + 14*q - 17. What is m(12)?
7
Let d(u) = -35*u - 250. What is d(-7)?
-5
Let y(q) = -9*q - 218. Determine y(-23).
-11
Let p(q) = q**2 - 12*q + 10. Determine p(10).
-10
Let d(s) = -s**3 - 15*s**2 - 11*s - 5. Determine d(-14).
-47
Let b(h) = -h**3 - h**2 + h. Determine b(-4).
44
Let y(x) = 5*x**2 - 274*x - 48. Give y(55).
7
Let m(n) = n**2 - 14*n + 51. Determine m(8).
3
Let s(v) = -v**3 + 20*v**2 + 22*v - 7. What is s(21)?
14
Let r(k) = 4*k - 7. What is r(4)?
9
Let d(j) = 4*j - 36. Give d(11).
8
Let t(g) = -9*g. Calculate t(-3).
27
Let r(u) = u**2 + 8*u + 7. Give r(-10).
27
Let s(t) = -t**2 + t + 8. Give s(0).
8
Let r(o) = -o**3 + 15*o**2 + 5*o 